2*q = w + 5*q - 572. Is 52 a factor of w?
True
Let d = 327 + 2267. Does 65 divide d?
False
Suppose -71750 = -80*x + 121450. Does 40 divide x?
False
Let z be 1408 + (-1 - 0) + -3. Suppose -h + z = 5*h. Is 18 a factor of h?
True
Suppose 0 = 5*k + 3*d - 5567 - 3217, -d + 3513 = 2*k. Is 19 a factor of k?
False
Suppose -5*f = 5*x - 4540, -7*x + 2*x + 4575 = -2*f. Is x a multiple of 11?
True
Suppose 57 = -4*p + 21. Let a(d) be the third derivative of -d**6/120 - 2*d**5/15 + 7*d**4/24 - d**3 - 25*d**2. Is 3 a factor of a(p)?
True
Let s = 196 - 118. Suppose -5*d - 3 = l - 0*l, 5*l + 4*d + s = 0. Is 10 a factor of (3 - (l + 0)) + -1?
True
Let r(v) = -21*v - 21. Let f be r(5). Let l = f - -518. Suppose -z - z = 3*i - l, 2*i + 5*z - 276 = 0. Is i a multiple of 32?
True
Suppose 0*b = -b + 66. Let p = 6 - b. Is 16 a factor of p*((-26)/6 - -4)?
False
Suppose -4*i + 14 = j, 0 = -0*i + 4*i + 5*j - 22. Suppose i*d + 15 = -0. Is 11 a factor of (-154)/(-6)*(d + 8)?
True
Let n = -62 + 64. Suppose -82 = -n*j + j. Is j a multiple of 10?
False
Suppose 4*u = 3*w - 180, -3*w + 0*w = 5*u - 180. Suppose s - 6*s + w = 0. Suppose x = -2*n + 36, -5*x = n - 3*x - s. Is 5 a factor of n?
True
Suppose 0 = -t - 2*q - 0*q - 7, 0 = -4*t - 2*q - 10. Let o = t - 1. Is 585/85 - o/17 a multiple of 3?
False
Let v(t) = 36*t**2 - 3*t - 3. Let q be v(-2). Let d = -106 + 191. Let c = q - d. Does 13 divide c?
False
Suppose 0 = -3*z + z + 10. Suppose -a + 370 = z*t + 4*a, -a - 271 = -4*t. Is 22 a factor of t?
False
Suppose 9*i + 8960 = 23*i. Is i a multiple of 20?
True
Let u(z) = -z**3 + z**2 - z. Let c(o) = -7*o**2 - 2*o. Let b(t) = -c(t) - u(t). Suppose 0 = 3*s - 0*s + 3, p - 2*s = -3. Does 5 divide b(p)?
True
Let w(g) = g**3 + 10*g**2 - 7*g - 7. Let c be w(-5). Suppose -5*d - t - 48 + c = 0, 0 = 3*d + t - 61. Let u = -11 + d. Is u even?
False
Let s be 379/4 - (-3)/(-4). Let o = 165 - s. Is o a multiple of 27?
False
Let g(y) = -3*y + 12. Let h be g(-5). Let v = 38 - h. Let a(p) = p + 9. Does 7 divide a(v)?
False
Is 6 a factor of (147/(-35) - -5)/(2/520)?
False
Suppose -2*n + 14 - 2 = 2*b, -n - 4*b = -9. Let k = 15 - 12. Suppose -n*a + 37 = p, 4*p - 3*a = 3*p - k. Is 6 a factor of p?
True
Let r(u) = -2*u - 22. Let w be r(-12). Suppose 0 = -4*q - 3*a + 4*a + 10, 2*a - w = -3*q. Suppose 2*y - 8 = 5*i + 7, q*y - 35 = i. Is 5 a factor of y?
True
Let f(r) = -12*r**2 - 15*r + 18. Let o(h) = -6*h**2 - 7*h + 9. Let v(d) = -6*f(d) + 11*o(d). Does 6 divide v(-5)?
False
Suppose 6*m - 3*n = m + 30, 0 = m + n - 6. Let j(i) = 12*i - 24. Does 8 divide j(m)?
True
Let s(d) = d**2 + 7*d - 6. Let c be s(-8). Is 16 a factor of (-144)/48 - ((-72)/c - -1)?
True
Let r be -3*(-35)/3 + 4. Let z = -5 + r. Suppose -8*l - z = -9*l. Is l a multiple of 34?
True
Suppose 4*u = -3*u + 63. Suppose 0*v + u*v - 117 = 0. Is 4 a factor of v?
False
Suppose -8*i = -10*i + 8. Is 54*-1*(-4 - i/(-6)) a multiple of 30?
True
Let o(k) = 2*k**2 + 11*k - 26. Is o(4) a multiple of 5?
True
Let u(q) = -3 - 4 - 5*q + 4. Let t be u(-2). Suppose 0 = t*w - 5*w - 68. Is 34 a factor of w?
True
Does 18 divide (-106140)/(-48) - (2/8 - 0)?
False
Let u(m) = 5*m + 22. Let w be u(-4). Suppose -w*b + 8 = 0, 5*s - 169 = -2*b + b. Is 11 a factor of s?
True
Let a = -10 + 17. Let d = 134 + -93. Let y = d - a. Is 8 a factor of y?
False
Is (-1226 + 0)/(-1) + (-55 - -56) a multiple of 109?
False
Let k be (3 + -2 + 0/3)*58. Suppose -k*x - 715 = -63*x. Does 27 divide x?
False
Suppose -13 = 2*w + 5. Let m(n) = -n**3 - 8*n**2 + 9*n - 9. Let k be m(w). Let f(h) = -h**3 - 7*h**2 + 12*h - 1. Is 8 a factor of f(k)?
False
Let v(r) be the second derivative of -r**5/20 + r**4/12 + r**2/2 + 3*r. Let o be v(1). Let u = o + 114. Is 22 a factor of u?
False
Suppose 3*i + 0*n + n + 539 = 0, 2*n = -3*i - 541. Let t = 93 - i. Does 12 divide (3/(-2))/((-8)/t)?
False
Let o(w) = -7*w**2 + 116*w - 79. Does 21 divide o(10)?
False
Let h(t) be the third derivative of -t**6/120 + 2*t**5/15 - t**4/24 + 19*t**3/6 + 2*t**2. Is 8 a factor of h(8)?
False
Let x be (-1840)/(-64) - (-10)/8. Is 4218/x - (-3)/(-5) a multiple of 25?
False
Suppose -63*n + 184624 + 21197 = 0. Is 99 a factor of n?
True
Suppose -i - 30 = -6*i. Let r(j) be the third derivative of j**4/24 + 4*j**3/3 + 120*j**2 - j. Is r(i) a multiple of 14?
True
Let b(o) = -6*o + 9. Let f be b(-18). Let d = 11 + f. Is 16 a factor of d?
True
Let h = 2413 + 128. Is h a multiple of 33?
True
Let g(h) be the third derivative of h**6/120 + 2*h**5/15 + 3*h**4/8 + 4*h**3/3 + 3*h**2. Let w be g(-8). Let x = -44 - w. Is 5 a factor of x?
True
Let a = -4 - -4. Suppose -3*u = -a*u - 12. Suppose -u = j - 25. Is 10 a factor of j?
False
Let d be (129/2)/(18/12). Suppose -m + f = 6*f - d, m - 34 = 4*f. Is 20 a factor of m?
False
Suppose 0 = -18*i + 5*i + 1781. Is i a multiple of 10?
False
Suppose a + 4 = 3*h, -15 + 3 = -h + 3*a. Suppose h*o - 4*o + 36 = 0. Is o a multiple of 3?
True
Suppose 3*i + 15 = 6*i. Suppose 18 = i*o - 2*y, 3*y + 0 + 4 = -4*o. Suppose -u - 5*w - o = -22, -2*w = 3*u - 112. Does 20 divide u?
True
Suppose -2064 = 5*b - 17*b. Does 4 divide b?
True
Suppose -2*p + 28 = -4*h, 0*p + p + 2*h = -2. Let q(d) = 50*d - 25. Let t be q(p). Suppose -37 = -4*m + t. Is 13 a factor of m?
True
Suppose 0*w = 2*w. Let v(o) = o**3 - 4*o**2 - 20*o - 2. Let i be v(7). Suppose i*b - b - 176 = w. Does 11 divide b?
True
Let o = -51 + 640. Let j = -347 + o. Suppose -3*n = 5*s - j, 5*n + 4*s - 320 = n. Does 14 divide n?
False
Suppose 0 = v - 3*b - 15, 2*v + 2*b = -11 + 1. Suppose 3*j - 316 = -2*f, v = 5*f + j - 465 - 325. Does 16 divide f?
False
Suppose -2*s - 3*y + 528 = 0, -5*y - 65 = -s + 186. Is 6 a factor of s?
False
Suppose -4*v - 2421 = -8*v + 3*u, 0 = -5*u + 25. Is 21 a factor of v?
True
Suppose -2*x = 10 - 62. Let r = x + 4. Is 6 a factor of r?
True
Suppose -5*s - 3*s = 0. Suppose -3*y + 189 = -2*i - i, s = -2*y + 4*i + 124. Does 16 divide y?
True
Let b(x) = 14*x - 1. Let c = 4 - -3. Let u = -6 + c. Is b(u) even?
False
Suppose 21*m = 6*m + 150. Suppose -1 = 3*p - m. Does 3 divide p?
True
Let x be (63/5)/(21/70). Suppose 3*y = 4*y - x. Does 14 divide y?
True
Let j = 340 - -110. Is 15 a factor of j?
True
Let w(o) = 2*o - 24. Let h be w(12). Suppose h*u - 12 = -6*u. Is (-532)/(-8) - 1/u a multiple of 33?
True
Suppose 6*r - 584 = 406. Is 5 a factor of r?
True
Is ((-27922)/(-7) - -1) + 69/483 a multiple of 57?
True
Let b(k) = -k**2 + 14*k + 21. Let v be b(15). Suppose -i + v*i - 485 = 0. Does 13 divide i?
False
Let t(j) = 147*j**3 - j**2 + j + 1. Does 46 divide t(1)?
False
Let a(l) = 140*l - 233. Is a(13) a multiple of 69?
True
Suppose i + 0*i = -2*p - 7, -4*p + 4*i + 16 = 0. Let l be (6/(-8))/(p/4). Is 11 a factor of l/(-7) - 80/(-7)?
True
Suppose -3*d + 11*j - 10*j + 2304 = 0, -3*d = -5*j - 2292. Is d a multiple of 21?
False
Let n = 87 + 134. Let a = -152 + n. Does 19 divide a?
False
Let c be 2/2*8/((-24)/(-603)). Let s = -156 + c. Does 5 divide s?
True
Let d be (-6)/9 + (-34)/(-6). Let h be -3 + 6 - 5 - d. Let b(m) = -2*m + 17. Is 13 a factor of b(h)?
False
Suppose 583 + 217 = 10*c. Is c a multiple of 8?
True
Is 105/126 + (-12302)/(-12) a multiple of 54?
True
Let s = 3 + 26. Suppose -2 - s = -l. Is 7 a factor of l?
False
Let k(w) = 4*w**3 - 9*w**2 - 5*w - 7. Let u be k(7). Suppose 0 = 5*g - u - 456. Does 45 divide g?
False
Let h(n) = -n**2 - 19*n + 10. Let t = -3 - 8. Let i be h(t). Suppose 13 = -5*w + i. Is w a multiple of 13?
False
Let z = 1918 + -1912. Let t = 1012 - 382. Suppose -z*u + t = -0*u. Does 24 divide u?
False
Let v = 193 + -299. Let s = -37 - v. Does 23 divide s?
True
Let j = 4082 + -2424. Does 10 divide j?
False
Let s = -6 - -11. Suppose s*k = g - 15 + 40, 2*k - g = 13. Suppose k*u = 96 - 20. Is 13 a factor of u?
False
Suppose -4*x = -1322 - 1626. Does 41 divide x?
False
Let h be 29 + 2 - (1 - 0). Let r(v) = 2*v + 16. Let f be r(-6). Suppose h = f*z - 330. Does 30 divide z?
True
Let v(f) = f**2 - 13*f + 4. Let u be v(6). Let i = u + 21. Does 17 divide 3/2*i*-2?
True
Let s = 86 + -60. Suppose 4*c - s - 274 = 0. Is 10 a factor of c?
False
Suppose -5*f + 228 = 118. Is 2 a factor of f?
True
Let y(m) = m + 6. Let f be y(-4). Suppose 3*n - o = f*o + 228, 3*o + 15 = 0. Let u = n - 43. Is 9 a factor of u?
False
Let g = 643 + -185. Is g a mu